{"id":1949,"date":"2023-10-03T11:26:05","date_gmt":"2023-10-03T09:26:05","guid":{"rendered":"https:\/\/agnieszkalacka.pl\/?page_id=1949"},"modified":"2023-10-03T11:26:05","modified_gmt":"2023-10-03T09:26:05","slug":"materialy","status":"publish","type":"page","link":"https:\/\/agnieszkalacka.pl\/index.php\/materialy\/","title":{"rendered":"Materia\u0142y"},"content":{"rendered":"\n<p class=\"has-text-align-center\"><strong>MATEMATYKA<\/strong><\/p>\n\n\n\n<figure class=\"wp-block-table\"><table><tbody><tr><td>SEMESTR&nbsp; ZIMOWY<\/td><\/tr><tr><td>ZADANIA <br><a href=\"\/wp-content\/uploads\/2018\/09\/c1.pdf\">\u0106wiczenia 1<\/a> <br><a href=\"https:\/\/agnieszkalacka.pl\/wp-content\/uploads\/2021\/10\/cwicz_2_3.pdf\">\u0106wiczenia 2 i 3<\/a> <br><a href=\"https:\/\/agnieszkalacka.pl\/wp-content\/uploads\/2021\/10\/c4.pdf\">\u0106wiczenia 4<\/a> <br><a href=\"\/wp-content\/uploads\/2018\/09\/c5.pdf\">\u0106wiczenia 5<\/a> <br><a href=\"\/wp-content\/uploads\/2018\/09\/c6.pdf\">\u0106wiczenia 6<\/a><br> <a href=\"\/wp-content\/uploads\/2018\/09\/c7_8.pdf\">\u0106wiczenia 7 i 8<\/a> <br>kolokwium I <br><a href=\"\/wp-content\/uploads\/2018\/09\/c10.pdf\">\u0106wiczenia 10<\/a> <br><a href=\"\/wp-content\/uploads\/2018\/09\/c11.pdf\">\u0106wiczenia 11<\/a> <br><a href=\"\/wp-content\/uploads\/2018\/09\/c12_13.pdf\">\u0106wiczenia 12 i 13<\/a> <br>kolokwium II<\/td><td>TEORIA <br><a href=\"\/wp-content\/uploads\/2018\/09\/t1.pdf\">\u0106wiczenia 1 \u2013 teoria<\/a> <br><a href=\"\/wp-content\/uploads\/2018\/09\/t2.pdf\">\u0106wiczenia 2 i 3 \u2013 teoria<\/a> <br><a href=\"http:\/\/agnieszkalacka.pl\/wp-content\/uploads\/2018\/09\/t3.pdf\">\u0106wiczenia <\/a><a href=\"http:\/\/agnieszkalacka.pl\/wp-content\/uploads\/2018\/09\/t2.pdf\">2 i 3<\/a><a href=\"\/wp-content\/uploads\/2018\/09\/t3.pdf\"> \u2013 przyk\u0142ady<\/a> <br><a href=\"\/wp-content\/uploads\/2018\/09\/t4_.pdf\">\u0106wiczenia 4 \u2013 teoria<\/a> <br><a href=\"\/wp-content\/uploads\/2018\/09\/t5.pdf\">\u0106wiczenia 5 \u2013 teoria<\/a> <br><a href=\"\/wp-content\/uploads\/2018\/09\/t6.pdf\">\u0106wiczenia 6 \u2013 teoria<\/a> <br><a href=\"\/wp-content\/uploads\/2018\/09\/t7.pdf\">\u0106wiczenia 7 \u2013 teoria<\/a> <br><a href=\"\/wp-content\/uploads\/2018\/09\/t8.pdf\">\u0106wiczenia 8 \u2013 teoria<\/a> <br><a href=\"\/wp-content\/uploads\/2018\/09\/t10.pdf\">\u0106wiczenia 10 \u2013 teoria<\/a> <br><a href=\"\/wp-content\/uploads\/2018\/09\/t11.pdf\">\u0106wiczenia 11 \u2013 teoria<\/a> <br><a href=\"\/wp-content\/uploads\/2018\/09\/t12-13.pdf\">\u0106wiczenia 12 i 13 \u2013 teoria<\/a><\/td><\/tr><\/tbody><\/table><\/figure>\n","protected":false},"excerpt":{"rendered":"<p>MATEMATYKA SEMESTR&nbsp; ZIMOWY ZADANIA \u0106wiczenia 1 \u0106wiczenia 2 i 3 \u0106wiczenia 4 \u0106wiczenia 5 \u0106wiczenia 6 \u0106wiczenia 7 i 8 kolokwium I \u0106wiczenia 10 \u0106wiczenia 11 \u0106wiczenia 12 i 13 kolokwium II TEORIA \u0106wiczenia 1 \u2013 teoria \u0106wiczenia 2 i &hellip; <a href=\"https:\/\/agnieszkalacka.pl\/index.php\/materialy\/\">Czytaj dalej <span class=\"meta-nav\">&rarr;<\/span><\/a><\/p>\n","protected":false},"author":3,"featured_media":0,"parent":0,"menu_order":0,"comment_status":"closed","ping_status":"closed","template":"","meta":[],"_links":{"self":[{"href":"https:\/\/agnieszkalacka.pl\/index.php\/wp-json\/wp\/v2\/pages\/1949"}],"collection":[{"href":"https:\/\/agnieszkalacka.pl\/index.php\/wp-json\/wp\/v2\/pages"}],"about":[{"href":"https:\/\/agnieszkalacka.pl\/index.php\/wp-json\/wp\/v2\/types\/page"}],"author":[{"embeddable":true,"href":"https:\/\/agnieszkalacka.pl\/index.php\/wp-json\/wp\/v2\/users\/3"}],"replies":[{"embeddable":true,"href":"https:\/\/agnieszkalacka.pl\/index.php\/wp-json\/wp\/v2\/comments?post=1949"}],"version-history":[{"count":1,"href":"https:\/\/agnieszkalacka.pl\/index.php\/wp-json\/wp\/v2\/pages\/1949\/revisions"}],"predecessor-version":[{"id":1951,"href":"https:\/\/agnieszkalacka.pl\/index.php\/wp-json\/wp\/v2\/pages\/1949\/revisions\/1951"}],"wp:attachment":[{"href":"https:\/\/agnieszkalacka.pl\/index.php\/wp-json\/wp\/v2\/media?parent=1949"}],"curies":[{"name":"wp","href":"https:\/\/api.w.org\/{rel}","templated":true}]}}